
Suppose -2*o - 95 = -n + 1804, 9450 = 5*n - o. List the prime factors of n.
1889
Let m(y) = -20*y - y**3 - 10 - 16*y**2 - 27 + 0*y**3. List the prime factors of m(-15).
2, 19
Let x = -12 + 23. Let g = -23 + x. List the prime factors of (531/g)/((-18)/24).
59
Let h(x) = -755*x + 739. List the prime factors of h(-4).
3, 7, 179
Suppose -32*t + 25*t = -2051. List the prime factors of t.
293
Suppose -3*g - 3*q = -2541, -3*g - 4*q + 3085 = 548. List the prime factors of g.
23, 37
Suppose 13 = 4*j - 3*t - 8, 0 = 5*j + 4*t - 65. Suppose 12*p - 150 = j*p. List the prime factors of p.
2, 5
Suppose 3*d - 17 = -5*o + 33, -o - 26 = -3*d. Suppose 8*t - 6*t - d = 0. Suppose t*x - 20 + 0 = 0. List the prime factors of x.
2
Suppose 45 = -5*t + 65. List the prime factors of 10/(-4)*(t + -1 - 65).
5, 31
Let b be 16/(-12)*138*10/8. Let d = 422 + b. What are the prime factors of d?
2, 3
Let w(i) = 68*i**2 - 58*i - 12. What are the prime factors of w(6)?
2, 3, 29
Let u = -1 + 13. Let t be (18/(-15))/(u/80). List the prime factors of 4/t*(-59 - -1).
29
Suppose 10*a = 5*a + 65. Let l = a - 7. Suppose 0 = -d - 4 + l. What are the prime factors of d?
2
Suppose -21364 = -62*y + 48*y. List the prime factors of y.
2, 7, 109
Let q(g) = 9*g**3 + 2*g**2 - 5*g + 3. Let u be q(1). Let l = 34 + -16. Suppose -3*b = -l - u. List the prime factors of b.
3
Let b(m) be the second derivative of 5*m**3/6 - 6*m**2 - m. Let t(l) = l**3 + 7*l**2 + 6*l + 9. Let n be t(-6). List the prime factors of b(n).
3, 11
Let r be (44/(-6))/(3/(-54)). Suppose 0 = 5*b - 5*l - 297 - 63, -2*b + r = 4*l. What are the prime factors of (-36)/(-30)*b/3?
2, 7
Let y(s) = s**3 - s**2 - s. Let j be y(0). Suppose -5*v + 415 = 2*i, j = 3*i - v + 3*v - 628. List the prime factors of i.
2, 3, 5, 7
Let a = -1 - -11. Let t(x) = -5*x - 5. Let j be t(-2). Suppose j*q = -a + 180. What are the prime factors of q?
2, 17
Let q = -74 + 164. Let z = -44 + q. What are the prime factors of z?
2, 23
Suppose 2*y = 11*d - 14*d + 6, 0 = 4*d - 2*y - 22. Let i = 2 - 0. Suppose 0 = 3*n - q - 216, -d*n - i*q + 180 = -108. List the prime factors of n.
2, 3
Let f = -22 + 22. Suppose 5*h + 6 = -l - 5, -2*l - 2*h + 2 = f. Suppose 5*a - 286 = l*r, -3*a + 4*r - 22 = -192. List the prime factors of a.
2, 29
Suppose -3*q + 1120 = -g + 5*g, 0 = 4*q + 5*g - 1494. Let o = q - 185. What are the prime factors of o?
191
Suppose 4*l - 4*n + 10 = 2, 3*l - n = 4. Suppose 2*f + 2*s = -0*s + 238, 2*s = -l*f + 362. What are the prime factors of f?
2, 31
Suppose -2*j = -3*j + o + 3, -2*o - 2 = 0. Suppose -4*y = -j*g - 0*y + 132, 5*y = -g + 38. What are the prime factors of g?
2, 29
Let n = 76 + -349. Let k be ((-3)/(-3))/((-7)/n). Let p = k - 23. List the prime factors of p.
2
Let y(a) = -5 - 4*a**2 + 5*a**3 - 4*a**3 - 2*a + 6*a. Let p be y(3). Let k = 23 + p. List the prime factors of k.
3, 7
Suppose 6*t - 3*t = -27. List the prime factors of (-146)/(((-2)/t)/((-7)/21)).
3, 73
List the prime factors of (-1595)/(-6) - (3 + (-19)/6).
2, 7, 19
Suppose -2543 + 64 = -m. List the prime factors of m.
37, 67
Suppose -4*b + 4 = 0, -2*j = 2*b + 3*b - 125. Let v be ((-1)/2)/((-6)/j). Suppose 2*a = -2*s, 4*s + 0*a - v = -3*a. List the prime factors of s.
5
Suppose 3*d = 1379 + 1108. List the prime factors of d.
829
Suppose -5*i + 843 + 197 = 0. What are the prime factors of i?
2, 13
Let j(v) = 2*v**3 - 12*v**2 + 25*v + 9. What are the prime factors of j(8)?
3, 5, 31
What are the prime factors of (13278/(-8))/((-258)/688)?
2, 2213
Suppose 3*l + 0*r - 206 = 4*r, -l = -4*r - 74. List the prime factors of l.
2, 3, 11
List the prime factors of ((-2)/2)/(((-160)/1410)/16).
3, 47
Suppose 7*f - 5 = 2*f. Let s = f - -3. Suppose z - 14 = -z + i, -5*z - s*i = -9. What are the prime factors of z?
5
Let h be 32/10 - 9/45. Let b be 4*(-15)/(-36)*h. Suppose 5*f = -0*f + b*q + 75, -5*f - q = -93. List the prime factors of f.
2, 3
Suppose 0 = -4*u + u - 3*p + 21, 4*u = 5*p + 10. Let t(w) = -w**2 - 15*w - 7. Let r be t(-10). Let h = r + u. List the prime factors of h.
2, 3
What are the prime factors of 2/(-3)*(741/(-6) + -10)?
89
Let t(w) = 8*w**2 + w - 24. What are the prime factors of t(-8)?
2, 3, 5
Suppose 3*y - 4*d = 3373, -2*d + 1690 = 4*y - 2778. List the prime factors of y.
3, 373
Let y(r) = r**3 + 12*r**2 - 2. Let z be y(-12). Let q be z/13 - (-29512)/182. Suppose -q - 70 = -3*x - 2*a, -x + 74 = -a. What are the prime factors of x?
2, 19
Let f(t) = 8*t**3 + 2*t**2 + 4*t - 5. Let x be f(4). Suppose 155 = -4*b + x. List the prime factors of b.
2, 5
Suppose 4 = -4*f + 5*p - 7, 5*f - 17 = -4*p. What are the prime factors of 5/(15/231) + f + -2?
2, 19
Let h = 113 + -108. Suppose -h*u = -14*u + 711. What are the prime factors of u?
79
Suppose -4*z + 782 = 322. Let b be ((-2)/(-8))/(1/284). Let s = z - b. What are the prime factors of s?
2, 11
Let i(o) = -o**3 + 8*o**2 - 5*o - 11. Let j be i(7). What are the prime factors of (226 - j - -3)/2?
113
Let r be (-33)/(-22)*62/3. Let p = 34 - r. List the prime factors of p.
3
Let y(w) = -257*w**3 + 2*w**2 + 2*w - 2. Let h be y(1). Let n = 382 + h. List the prime factors of n.
127
Let r(l) = -3*l**3 + 45*l**2 + 40*l - 29. Let o(x) = 2*x**3 - 23*x**2 - 20*x + 15. Let k(q) = -5*o(q) - 3*r(q). List the prime factors of k(-19).
31
Let x be -12*2/(-6)*-3. Let f be x*(-5)/(20/6). List the prime factors of (-145)/(-45) + (-4)/f.
3
Let n = 3998 - 2188. What are the prime factors of n?
2, 5, 181
Suppose 11*m - 3394 = 6704. What are the prime factors of m?
2, 3, 17
Let z(m) = -m**3 + 4*m**2 + 6*m - 1. Let n be z(5). Suppose -93 + 12 = -3*w. Suppose -n*t + t = -w. What are the prime factors of t?
3
Let l be (-2)/(1 - 0 - 2). Let z(f) = 1 - 4 + f**2 - 2 - l. What are the prime factors of z(-5)?
2, 3
Let a be 73/(4/(12/(-3))). Let h = 164 - 280. Let x = a - h. What are the prime factors of x?
43
Let v be 2/(-2) - (-2 + 1). Let z(o) = -o + 4. Let m be z(v). Suppose 3*w - 2 = m*w, 5*b = 3*w + 176. List the prime factors of b.
2, 17
Suppose 2380 = 3*r - 12500. What are the prime factors of r?
2, 5, 31
Suppose -2*k - 10 = -7*k. Suppose 3*d - k*d = 15. Suppose -q + 50 - d = 0. List the prime factors of q.
5, 7
Let r = 204 + -140. List the prime factors of (r/(-3))/2*-3.
2
Let j = -59 - -23. Let f = j + 60. List the prime factors of f.
2, 3
Let c be 3*(-20)/(-24)*10. Let s = c - 25. Suppose s*v + 8 = 3*v - 2*o, v - 21 = -3*o. List the prime factors of v.
2, 3
List the prime factors of ((-60)/210)/(2/(-14042)).
2, 17, 59
What are the prime factors of ((-100)/(-55) - 2) + 36702/33?
2, 139
Suppose -5 = 9*o - 4*o. What are the prime factors of (-2 - (-2 + 3)*21)*o?
23
Let y be ((-39)/(-26))/(3/(-4)). Let p(l) = -7*l**3 - 2*l**2 - 1. What are the prime factors of p(y)?
47
Let o(n) = 2 - 4 - 5*n + 3*n + 3. Let z be o(-1). List the prime factors of 4 - 1*(-7 + z).
2
Let f(v) = -v**2 + 11*v - 11. Let z be f(10). Let y be z + (1 + 0)*191. What are the prime factors of y/8 + (-2)/(-8)?
2, 3
Let i be 1/5 + (-118)/(-10). Let j be (16/i)/((-2)/(-60)). Let z = j - 7. What are the prime factors of z?
3, 11
What are the prime factors of 703/((-57)/(-135) - (-24)/(-108))?
5, 19, 37
Let k(f) = f - 6. Let x be k(-7). Suppose 0*z + 2*z + 49 = g, -2*g = -3*z - 71. Let t = x - z. What are the prime factors of t?
2, 7
Suppose 0 = 4*c + 2*w - 2, -8 - 2 = c + 4*w. List the prime factors of (1 + 13/c)*572/65.
2, 3, 11
Let w be ((-654)/(-15) + 0)*(-35)/7. Let n = w + 413. What are the prime factors of n?
3, 5, 13
Let m be (1 + 9)*(-680)/(-50). Let h = m - 66. Let o = h - 44. What are the prime factors of o?
2, 13
Let v be (137 - 9)*(-6)/(-4). Suppose -k + v = 2*k. What are the prime factors of k?
2
Let t(j) = 216*j - 32. What are the prime factors of t(2)?
2, 5
Let h be (-249)/(-6)*3/(-6)*-4. List the prime factors of h + (-4 - (1 - 1)).
79
Let p(i) = -13*i + 2. Let n be p(-8). Suppose 0 = -3*f + f + n. Let v = -33 + f. What are the prime factors of v?
2, 5
Let r be 2/((-30)/(-9) - 3). Let u = r - 3. Suppose 2*h = u*h - 24. What are the prime factors of h?
2, 3
Let w = 1329 + -1085. List the prime factors of w.
2, 61
Suppose 4*k + 4 = -4*z - 0*k, 0 = 5*z - k - 13. Suppose j - 6 = -z*j. Suppose -j*g + 12 = -14. What are the prime factors of g?
13
Let r(u) = -7*u + 9 + 0*u - 2*u + 